he greatest common factor of f and 3.
3
Let n be -1*(1 - 15 - 0). Suppose 2*j + 3 = j + 4*c, 2*j - 33 = -5*c. Let f be ((-30)/(-4))/(-4*j/(-336)). What is the greatest common divisor of f and n?
14
Suppose 0 = -11*l + 2*l + 108. Calculate the greatest common factor of l and 96.
12
Let s be 1634/18 + 12 + 1272/(-108). What is the greatest common divisor of 143 and s?
13
Let s(b) = 18*b**2 - 10*b + 13. Let k be s(-5). What is the greatest common factor of k and 27?
27
Let m be 5*(14 - (-8 - -13)). Let g = -17 + 32. Calculate the greatest common factor of m and g.
15
Let f be (-2)/3 + 25440/360. Calculate the highest common factor of f and 224.
14
Suppose 3*c = -395 - 88. Let y = -145 - c. Suppose 2*w - 24 = -x, 4*w = -3*x + 3*w + 72. What is the greatest common divisor of x and y?
8
Let q(u) be the third derivative of -5*u**4/24 + u**3/2 - 35*u**2. Let f be q(-7). What is the highest common divisor of f and 266?
38
Let h(x) = x**3 + 8*x**2 - 2*x + 12. Let g be h(-8). What is the highest common divisor of g and 35?
7
Let h be (124/20)/((-12)/(-660)). Calculate the greatest common divisor of h and 31.
31
Let p = -17 + 32. Let w = -11 + p. Suppose -1 = -w*c + 31. What is the greatest common divisor of c and 8?
8
Let d be 2/((-6)/(-63)) - -1. Let g be d/6 - 4/6. Suppose 0 - g = -3*m. Calculate the highest common divisor of 5 and m.
1
Let u be (87 + -7)/(1 - 0). Suppose -5*l + u = -0*l. Let a be (1/(-4) + 1)*l. What is the highest common factor of 3 and a?
3
Suppose 3*c + 228 = -0*c. Let v = -55 - c. Calculate the highest common factor of 42 and v.
21
Let x = -35 - -65. Let m be -3 + 1 + (0/1 - -58). Let i = m - -19. What is the highest common divisor of i and x?
15
Suppose 5*a = -a - 276. Let g = 80 - a. What is the highest common factor of g and 14?
14
Suppose 354 = 3*d + 3*j, -3*d + j = 2*d - 620. Suppose i - 38 = -0*i + 4*x, 3*i - 3*x = d. Suppose -3*u - 1 = -64. What is the highest common factor of u and i?
21
Suppose 3*w - 4*h + 3*h = 33, 3*w - 4*h = 33. Let m = 39 + -17. Let q = m - -55. What is the greatest common divisor of w and q?
11
Suppose -69*i = 3282 - 15288. Calculate the highest common divisor of i and 1131.
87
Suppose 0 = 3*l + l + 68. Let r = -10 - l. Suppose r*z - 400 = 3*z. Calculate the greatest common divisor of 40 and z.
20
Let q(u) = -110*u**3 + 3*u**2 + 10*u + 7. Let p be q(-1). What is the highest common divisor of p and 200?
10
Let p(j) = -j**2 - 4*j + 2. Let d be p(-4). Suppose -d*z + 0*z = -44. Let n = -11 + z. Calculate the highest common factor of n and 22.
11
Let c(l) = 234*l + 7*l**2 - 118*l - 4 - 118*l. Let m be c(2). What is the highest common divisor of m and 100?
20
Let s = 1 - -2. Let x(o) = -67*o + 21. Let u be x(0). Calculate the highest common divisor of u and s.
3
Let z = 419 - 334. What is the highest common divisor of 1105 and z?
85
Let c be 36 - (-2)/(-3)*3. Suppose 11 + c = 3*i. Calculate the greatest common factor of i and 135.
15
Let z(n) = n**2 - 5*n. Let i be z(6). Suppose i = 3*u - 2*u. Let l be (-264)/(-18) + 2/u. What is the highest common factor of l and 105?
15
Suppose -3*r - r = 3*h - 361, -2 = 2*h. Suppose r = 3*q + 3*f + 31, -3*q + 4*f + 74 = 0. What is the greatest common divisor of q and 22?
22
Let k = 6 + -9. Let d be 2/k*135/(-5). Calculate the greatest common divisor of 18 and d.
18
Suppose -4*y = 4*v - 1400, -3*v + 602 = y - 444. What is the greatest common factor of 12 and v?
12
Let v(i) = -i**3 + 14*i**2 - 21*i + 25. Let m be v(13). Let z = -48 - m. What is the greatest common divisor of z and 31?
31
Suppose 0 = 12*v + 11*v - 1104. What is the greatest common divisor of 32 and v?
16
Let a = 451 + -410. What is the greatest common factor of 328 and a?
41
Suppose -d = -2 - 7. Let y(u) = 12*u**2 + 4*u - 1. Let x be y(-2). Let c = -30 + x. What is the highest common divisor of c and d?
9
Let u(h) = h**2 - h - 4. Let k be u(4). Let a(r) = -r**2 + r + 13. Let y be 1/((-45)/(-20) - 2). Let v be a(y). What is the highest common factor of k and v?
1
Suppose 0 = 19*y - 1244 - 732. What is the highest common divisor of 91 and y?
13
Let p = 91 - 79. What is the highest common factor of 156 and p?
12
Let p be (-138)/(-10) + -3*(-4)/(-15). What is the highest common factor of p and 689?
13
Let q be 143/(-7) + 3/7. Let u be 8/q - 36/(-15). Suppose u*m + 216 = 4*m. What is the highest common factor of 12 and m?
12
Let s = 1161 + -1140. Let l be (-1 + -23)/(1/(-7)). Calculate the highest common divisor of s and l.
21
Let c(b) = -20*b + 9 - 13*b + 30*b. Let o be c(-4). Calculate the greatest common factor of o and 126.
21
Let p(l) = 16 - 2*l**2 - 7*l**2 + 10*l**2 - 4*l + 4*l**2. Let n be p(7). Let q = n - 81. Calculate the greatest common divisor of 19 and q.
19
Let d be -49*3*1/(-3). Suppose -275 = -6*x + d. Calculate the greatest common factor of 18 and x.
18
Let i be (-203)/(5 + -12) - 2. What is the greatest common factor of i and 27?
27
Suppose 3*s = 3*q + 2 + 13, -5*s + 17 = 3*q. Let n = 31 - -5. Suppose y - 24 = -y + 2*c, s*y - c = n. What is the greatest common factor of 12 and y?
4
Suppose 5*w = 2*w - 2*u + 146, 0 = u + 5. Calculate the greatest common divisor of 468 and w.
52
Suppose -5*j + 59 = -1. Let l = j - -6. Let o = -12 + 24. What is the greatest common factor of l and o?
6
Let f = -2670 + 5145. Let y be ((-12)/5)/(11/(f/(-10))). Calculate the greatest common divisor of y and 6.
6
Suppose 0 = -164*j + 160*j + 44. Calculate the greatest common factor of j and 44.
11
Suppose -10 = 3*c + 95. Let n be -17 - (-17 + 10) - -71. Let a = c + n. Calculate the greatest common factor of a and 78.
26
Suppose -i = -3*o - 14, -5*o - 14 = 6. Let a be (0 + 1)*((i - -1) + 3). What is the highest common factor of 12 and a?
6
Let c = 124 - -20. Suppose 0 = -5*t + 5*s + 240, -3*t - 2*s + c = 3*s. Let o = -19 + 43. Calculate the highest common factor of t and o.
24
Let a(q) = 60*q**3 + q**2 - q - 2. Let i be a(-1). Let c be 61 + ((-232)/i - 2/(-15)). What is the greatest common factor of c and 13?
13
Suppose -3*o + 7*o = -2*a + 72, -99 = -4*a + o. Let y be 158/6 - 7/21. What is the highest common divisor of a and y?
26
Suppose 3*b - 5 = 2*j - 69, 0 = 2*j + 5*b - 96. Let o be (4/(-6)*-3)/((-87)/(-11571)). Calculate the greatest common divisor of o and j.
38
Let y(p) = 5*p - 96. Let v be y(21). Suppose 4*j = 98 + 10. What is the greatest common divisor of j and v?
9
Let p(r) = 4 - 6*r + 0*r - r - 5*r - r**3 + 7*r**2. Let c be p(5). Let h = 14 + c. Calculate the highest common factor of h and 40.
8
Let j be 74/3 - (-1 - 4/(-6)). Let u be 55/((3 + -4 - -2)/5). What is the greatest common divisor of j and u?
25
Let t(k) = k**3 - 10*k**2 - 22*k + 2. Let z be t(12). What is the greatest common divisor of z and 234?
26
Let h(i) = i**3 + 4*i**2 - 11*i + 8. Let g be h(-6). Suppose -5*t - 220 = -4*u - 72, g*t + 8 = 0. Calculate the greatest common factor of u and 4.
4
Let y(a) = -a**3 - 10*a**2 + 12*a + 9. Let j be y(-11). Let l be 11/2 + (-1)/j. Suppose l = 2*u - 20. What is the greatest common factor of 91 and u?
13
Let k(v) = v**2 - 7*v - 8. Let d be k(10). Suppose d*f - 19*f - 720 = 0. Calculate the greatest common divisor of f and 96.
48
Let j(v) = v. Let u be j(3). Let m be (-8 + u)*(-4)/2. Let s = -19 + 34. What is the highest common divisor of s and m?
5
Suppose 2*w + 4*b - 1676 = 0, 4*w + 153*b - 3396 = 156*b. Calculate the highest common factor of 9 and w.
9
Suppose 5*m - 34 - 36 = 0. Suppose -105 = 3*u + 3*g, 0 = -u + 2*g - 36 - m. Let s = 6 - u. Calculate the highest common divisor of s and 115.
23
Let h(m) = 65 - 22 + m**2 - 30. Let s be h(8). Let w(q) = 4*q**2 + 3*q + 1. Let n be w(-2). Calculate the greatest common factor of n and s.
11
Let h(g) = -4*g**2 - 3*g**2 - 3 + 2*g**2 + 4*g**2 + 11*g. Let w be h(8). Suppose -3*y = -w - 3. Calculate the greatest common factor of y and 12.
4
Let i be -3 - (0/(-4) + 5). Let n(p) = 3*p**2 + 12*p + 9. Let o be n(i). What is the highest common divisor of 15 and o?
15
Let c(t) be the third derivative of t**4/12 - 5*t**3/3 + 2*t**2. Suppose 2 - 42 = -4*y. Let i be c(y). Calculate the greatest common divisor of 4 and i.
2
Let h(c) = c**3 + 5*c**2 + 9*c + 24. Let y be h(-4). Calculate the greatest common factor of 1980 and y.
4
Let k = -1902 - -3694. What is the gre